{"id":40,"date":"2020-07-07T17:52:44","date_gmt":"2020-07-07T15:52:44","guid":{"rendered":"https:\/\/daniel.debaste.be\/?page_id=40"},"modified":"2025-10-10T10:08:23","modified_gmt":"2025-10-10T08:08:23","slug":"060-tout-cela-gratuitement","status":"publish","type":"page","link":"https:\/\/daniel.debaste.be\/?page_id=40","title":{"rendered":"Tout cela gratuitement ?"},"content":{"rendered":"\n<p>Oui, gratuitement.<\/p>\n\n\n\n<p>Il s\u2019agit d\u2019une action de solidarit\u00e9, de ce fait je ne demande aucune contrepartie mon\u00e9taire. Et \u00e7a  n\u2019oblige personne \u00e0 faire quoi que ce soit.<\/p>\n\n\n\n<p>Mais voici quelques bonnes fa\u00e7ons de compenser mon action d\u00e9sint\u00e9ress\u00e9e&nbsp;:<\/p>\n\n\n\n<ul class=\"wp-block-list\">\n<li>En me confiant tout le mat\u00e9riel informatique inutilis\u00e9 que vous trouvez ;<\/li>\n\n\n\n<li>En me proposant de l&#8217;aide pour amplifier mon action ;<\/li>\n\n\n\n<li>En aidant financi\u00e8rement  les associations moins connues qui me tiennent le plus \u00e0 c\u0153ur :\n<ul class=\"wp-block-list\">\n<li><a rel=\"noreferrer noopener\" href=\"https:\/\/www.aquarelle-bru.be\/a-propos\/\" target=\"_blank\"><strong>Aquarelle<\/strong><\/a> : accouchement dans la dignit\u00e9 pour les (futures) mamans exclues des mutuelles ;<\/li>\n\n\n\n<li><a href=\"https:\/\/michelcremerfoundation.eu\/\"><strong>Fondation Michel Cremer<\/strong><\/a> : Ing\u00e9nieurs et m\u00e9decins ensemble pour l&#8217;innovation en mati\u00e8re d&#8217;endoscopie th\u00e9rapeutique.<\/li>\n<\/ul>\n<\/li>\n<\/ul>\n\n\n\n<p>Comme communication : Don. Ajoutez votre Num\u00e9ro National, maintenant indispensable \u00e0 la d\u00e9fiscalisation du don (\u00e0 partir de 40 \u20ac \u00e0 la m\u00eame association sur l&#8217;ann\u00e9e fiscale). Un message d&#8217;encouragement pour ces actions formidables fait aussi toujours plaisir.<\/p>\n\n\n\n<p><strong><a href=\"https:\/\/daniel.debaste.be\/soutenir.html\">Voir aussi ici<\/a><\/strong><\/p>\n","protected":false},"excerpt":{"rendered":"<p>Oui, gratuitement. Il s\u2019agit d\u2019une action de solidarit\u00e9, de ce fait je ne demande aucune contrepartie mon\u00e9taire. Et \u00e7a n\u2019oblige personne \u00e0 faire quoi que ce soit. Mais voici quelques bonnes fa\u00e7ons de compenser mon action d\u00e9sint\u00e9ress\u00e9e&nbsp;: Comme communication : Don. Ajoutez votre Num\u00e9ro National, maintenant indispensable \u00e0 la d\u00e9fiscalisation du don (\u00e0 partir de&hellip; <\/p>\n","protected":false},"author":1,"featured_media":0,"parent":18,"menu_order":5,"comment_status":"closed","ping_status":"closed","template":"","meta":{"footnotes":""},"class_list":["post-40","page","type-page","status-publish","hentry"],"_links":{"self":[{"href":"https:\/\/daniel.debaste.be\/index.php?rest_route=\/wp\/v2\/pages\/40"}],"collection":[{"href":"https:\/\/daniel.debaste.be\/index.php?rest_route=\/wp\/v2\/pages"}],"about":[{"href":"https:\/\/daniel.debaste.be\/index.php?rest_route=\/wp\/v2\/types\/page"}],"author":[{"embeddable":true,"href":"https:\/\/daniel.debaste.be\/index.php?rest_route=\/wp\/v2\/users\/1"}],"replies":[{"embeddable":true,"href":"https:\/\/daniel.debaste.be\/index.php?rest_route=%2Fwp%2Fv2%2Fcomments&post=40"}],"version-history":[{"count":17,"href":"https:\/\/daniel.debaste.be\/index.php?rest_route=\/wp\/v2\/pages\/40\/revisions"}],"predecessor-version":[{"id":298,"href":"https:\/\/daniel.debaste.be\/index.php?rest_route=\/wp\/v2\/pages\/40\/revisions\/298"}],"up":[{"embeddable":true,"href":"https:\/\/daniel.debaste.be\/index.php?rest_route=\/wp\/v2\/pages\/18"}],"wp:attachment":[{"href":"https:\/\/daniel.debaste.be\/index.php?rest_route=%2Fwp%2Fv2%2Fmedia&parent=40"}],"curies":[{"name":"wp","href":"https:\/\/api.w.org\/{rel}","templated":true}]}}