{"id":21,"date":"2020-07-07T17:49:58","date_gmt":"2020-07-07T15:49:58","guid":{"rendered":"https:\/\/daniel.debaste.be\/?page_id=21"},"modified":"2025-01-25T14:52:36","modified_gmt":"2025-01-25T13:52:36","slug":"020-linux-cest-quoi","status":"publish","type":"page","link":"https:\/\/daniel.debaste.be\/?page_id=21","title":{"rendered":"Linux, c&#8217;est quoi ?"},"content":{"rendered":"\n<p>Linux est un syst\u00e8me d\u2019exploitation. Il rend possible l\u2019utilisation des applications. Ce sont elles qui vous rendent les services : messagerie, web, traitement de texte, tableurs, jeux, etc. <\/p>\n\n\n\n<p>Sur la plupart des PCs, le syst\u00e8me d&#8217;exploitation est le populaire et commercial Windows.<\/p>\n\n\n\n<p>Linux se d\u00e9marque de <em>Windows <\/em> \u00e0 bien des \u00e9gards\u00a0:<\/p>\n\n\n\n<ul class=\"wp-block-list\">\n<li>Il est d\u00e9velopp\u00e9 par une communaut\u00e9 d\u2019informaticiens \u00e0 travers le monde. Pas par une entreprise commerciale. Ainsi, il peut \u00eatre offert <strong>gratuitement<\/strong> \u00e0 tous;<\/li>\n\n\n\n<li>Il n\u2019est pas sensible aux virus;<\/li>\n\n\n\n<li>Il vient accompagn\u00e9 de quantit\u00e9 d\u2019applications gratuites et libres pour tous les besoins;<\/li>\n\n\n\n<li>Il a bien d&#8217;autres avantages techniques et philosophiques que je n&#8217;aborderai pas;<\/li>\n\n\n\n<li>Il est nettement moins gourmand en ressources mat\u00e9rielles et fonctionne donc sur des PCs plus anciens, obsol\u00e8tes pour Windows. On les sauve ainsi de la d\u00e9chetterie; Les installations que je propose ici fonctionnent confortablement sur des ordinateurs con\u00e7us pour\u00a0<em>Windows Vista<\/em>\u00a0et ult\u00e9rieur.<\/li>\n\n\n\n<li><\/li>\n<\/ul>\n\n\n\n<p><span style=\"text-decoration: underline;\">A suivre :<\/span><\/p>\n\n\n\n<ul class=\"wp-block-list\">\n<li><a href=\"https:\/\/daniel.debaste.be\/?page_id=24\">Pourquoi voit-on peu Linux ?<\/a><\/li>\n\n\n\n<li><a href=\"https:\/\/daniel.debaste.be\/?page_id=28\">Sautons le pas<\/a><\/li>\n\n\n\n<li><a href=\"https:\/\/daniel.debaste.be\/?page_id=36\">Et si Linux ne me convient pas ?<\/a><\/li>\n\n\n\n<li><a href=\"https:\/\/daniel.debaste.be\/?page_id=40\">Tout cela gratuitement ?<\/a><\/li>\n<\/ul>\n","protected":false},"excerpt":{"rendered":"<p>Linux est un syst\u00e8me d\u2019exploitation. Il rend possible l\u2019utilisation des applications. Ce sont elles qui vous rendent les services : messagerie, web, traitement de texte, tableurs, jeux, etc. Sur la plupart des PCs, le syst\u00e8me d&#8217;exploitation est le populaire et commercial Windows. Linux se d\u00e9marque de Windows \u00e0 bien des \u00e9gards\u00a0: A suivre :<\/p>\n","protected":false},"author":1,"featured_media":0,"parent":18,"menu_order":1,"comment_status":"closed","ping_status":"closed","template":"","meta":{"footnotes":""},"class_list":["post-21","page","type-page","status-publish","hentry"],"_links":{"self":[{"href":"https:\/\/daniel.debaste.be\/index.php?rest_route=\/wp\/v2\/pages\/21"}],"collection":[{"href":"https:\/\/daniel.debaste.be\/index.php?rest_route=\/wp\/v2\/pages"}],"about":[{"href":"https:\/\/daniel.debaste.be\/index.php?rest_route=\/wp\/v2\/types\/page"}],"author":[{"embeddable":true,"href":"https:\/\/daniel.debaste.be\/index.php?rest_route=\/wp\/v2\/users\/1"}],"replies":[{"embeddable":true,"href":"https:\/\/daniel.debaste.be\/index.php?rest_route=%2Fwp%2Fv2%2Fcomments&post=21"}],"version-history":[{"count":13,"href":"https:\/\/daniel.debaste.be\/index.php?rest_route=\/wp\/v2\/pages\/21\/revisions"}],"predecessor-version":[{"id":294,"href":"https:\/\/daniel.debaste.be\/index.php?rest_route=\/wp\/v2\/pages\/21\/revisions\/294"}],"up":[{"embeddable":true,"href":"https:\/\/daniel.debaste.be\/index.php?rest_route=\/wp\/v2\/pages\/18"}],"wp:attachment":[{"href":"https:\/\/daniel.debaste.be\/index.php?rest_route=%2Fwp%2Fv2%2Fmedia&parent=21"}],"curies":[{"name":"wp","href":"https:\/\/api.w.org\/{rel}","templated":true}]}}