{"id":206,"date":"2020-07-13T16:16:03","date_gmt":"2020-07-13T14:16:03","guid":{"rendered":"https:\/\/daniel.debaste.be\/?page_id=206"},"modified":"2024-04-16T10:27:34","modified_gmt":"2024-04-16T08:27:34","slug":"historique","status":"publish","type":"page","link":"https:\/\/daniel.debaste.be\/?page_id=206","title":{"rendered":"Historique"},"content":{"rendered":"\n<p>Depuis 1998, je m&#8217;int\u00e9resse \u00e0 <strong>Linux<\/strong> et la possibilit\u00e9 qu&#8217;il offre de continuer \u00e0 utiliser des ordinateurs devenus obsol\u00e8tes pour Windows.<\/p>\n\n\n\n<p>En parall\u00e8le \u00e0 ma carri\u00e8re professionnelle, j&#8217;ai install\u00e9 Linux, b\u00e9n\u00e9volement, sur de nombreuses machines, pour des amis et amis d&#8217;amis, et pour des associations qui les ont faits parvenir en Gambie, au S\u00e9n\u00e9gal, en Ituri, au Maroc, au Togo.<\/p>\n\n\n\n<p>Depuis ma retraite en juillet 2016, j&#8217;ai \u00e9t\u00e9 introduit dans le milieu des demandeurs d&#8217;asile et r\u00e9fugi\u00e9s. La demande d&#8217;ordinateurs gratuits est importante et le bouche-\u00e0-oreille m&#8217;en a apport\u00e9 de plus en plus. Depuis mai 2017, <a href=\"https:\/\/daniel.debaste.be\/?page_id=202\" target=\"_blank\" rel=\"noreferrer noopener\">je les compte.<\/a> Les chiffres continuent d&#8217;augmenter&#8230; et le public destinataire s&#8217;\u00e9tend progressivement \u00e0 toutes les familles abandonn\u00e9es du mauvais c\u00f4t\u00e9 de la fracture num\u00e9rique.<\/p>\n\n\n\n<p>En 2020, \u00e0 bout de souffle, apr\u00e8s 4 ans de b\u00e9n\u00e9volat 7j\/7, jusqu&#8217;\u00e0 10h par jour, j&#8217;appelle \u00e0 l&#8217;aide. Une \u00e9quipe se constitue : Solidarinux.<\/p>\n\n\n\n<p>Le reconditionnement des ordinateurs par Solidarinux, c&#8217;est toujours moi. Mais, la diff\u00e9rence est de taille : je ne tente plus de reconditionner des machines en mauvais \u00e9tat. Seulement de petites r\u00e9parations telles que le remplacement de disque, m\u00e9moire, dalle. Et cela, uniquement sur des laptops. <\/p>\n\n\n\n<p>Alors, pour un r\u00e9sultat moindre ? Que non ! L\u00e0 o\u00f9 je ne comptais que sur le bouche-\u00e0-oreille, les membres de Solidarinux se chargent de d\u00e9marcher les entreprises \u00e0 la recherche de nombreux laptops en bon \u00e9tat.<\/p>\n\n\n\n<p>Et les ordinateurs fixes ? Perdus ? Non plus !<br>Je proc\u00e8de encore \u00e0 de petites r\u00e9parations, comme pour les laptops, mais je ne m&#8217;occupe plus de g\u00e9rer les \u00e9crans, claviers souris et c\u00e2bles. J&#8217;installe Linux sur les unit\u00e9s centrales. Le reste est confi\u00e9, en l&#8217;\u00e9tat \u00e0 <a rel=\"noreferrer noopener\" href=\"https:\/\/www.devenir.be\/\" target=\"_blank\">Devenir.be<\/a>.<\/p>\n\n\n\n<p>En avril 2021, l&#8217;aventure SOLIDARINUX ne m&#8217;a toujours pas apport\u00e9 d&#8217;ordinateurs en bon \u00e9tat. Non seulement, durant un an, j&#8217;ai continu\u00e9 \u00e0 accepter et r\u00e9parer tout ce que je re\u00e7ois, mais, en plus, j&#8217;ai de nouveaux clients : des \u00e9cole. En effet, nous sommes en pleine crise sanitaire. Les \u00e9l\u00e8ves les moins nantis n&#8217;ont pas d&#8217;ordinateurs \u00e0 la maison. Deux \u00e9coles m&#8217;apportent du mat\u00e9riel \u00e0 reconditionner. Une troisi\u00e8me vient pomper dans mon stock.<\/p>\n\n\n\n<p>Malheureusement, je ne peux pas continuer comme cela. Je suis \u00e9puis\u00e9, obtenir une aide efficace est encore plus difficile en p\u00e9riode de crise sanitaire. Ma maison est satur\u00e9e de mat\u00e9riel. Je d\u00e9pense une \u00e9nergie folle \u00e0 maintenir les locaux en ordre. Aussi, il est d\u00e9cid\u00e9 que je me retire au 1er juillet 2021. Je cherche un rempla\u00e7ant ou une solution de rechange pour p\u00e9renniser mon action. Je peux y apporter mon appui et mes comp\u00e9tence d&#8217;informaticien, mais je ne serai plus ni l&#8217;organisateur ni l&#8217;ex\u00e9cutant. Juste un consultant b\u00e9n\u00e9vole.<\/p>\n\n\n\n<p>Et depuis 2021, malgr\u00e9 cette r\u00e9solution, j&#8217;ai continu\u00e9. Et en 2024, je continue toujours. Toutefois, j&#8217;ai arr\u00eat\u00e9 la recherche active de machines \u00e0 reconditionner et redistribuer. C&#8217;est encore lourd, mais faisable. Toute aide est, bien entendu bienvenue. Ensemble, nous pouvons plus.<\/p>\n\n\n\n<p>Les ordinateurs fixes n&#8217;ont plus la c\u00f4te. Plus de demande en Belgique. Trop de frais pour pour les exp\u00e9dier en Afrique o\u00f9 le besoin est pourtant criant. Vers l&#8217;Afrique, il part l&#8217;un ou l&#8217;autre laptop dans les bagages d&#8217;un voyageur. Apr\u00e8s de nombreuses ann\u00e9es d&#8217;actions fabuleuses au Niger, Devenir.be a mis fin \u00e0 ses activit\u00e9s. Dommage. J&#8217;admire le travail r\u00e9alis\u00e9 et je suis content d&#8217;y avoir apport\u00e9 ma modeste contribution.<\/p>\n","protected":false},"excerpt":{"rendered":"<p>Depuis 1998, je m&#8217;int\u00e9resse \u00e0 Linux et la possibilit\u00e9 qu&#8217;il offre de continuer \u00e0 utiliser des ordinateurs devenus obsol\u00e8tes pour Windows. En parall\u00e8le \u00e0 ma carri\u00e8re professionnelle, j&#8217;ai install\u00e9 Linux, b\u00e9n\u00e9volement, sur de nombreuses machines, pour des amis et amis d&#8217;amis, et pour des associations qui les ont faits parvenir en Gambie, au S\u00e9n\u00e9gal, en&hellip; <\/p>\n","protected":false},"author":1,"featured_media":0,"parent":18,"menu_order":8,"comment_status":"closed","ping_status":"closed","template":"","meta":{"footnotes":""},"class_list":["post-206","page","type-page","status-publish","hentry"],"_links":{"self":[{"href":"https:\/\/daniel.debaste.be\/index.php?rest_route=\/wp\/v2\/pages\/206"}],"collection":[{"href":"https:\/\/daniel.debaste.be\/index.php?rest_route=\/wp\/v2\/pages"}],"about":[{"href":"https:\/\/daniel.debaste.be\/index.php?rest_route=\/wp\/v2\/types\/page"}],"author":[{"embeddable":true,"href":"https:\/\/daniel.debaste.be\/index.php?rest_route=\/wp\/v2\/users\/1"}],"replies":[{"embeddable":true,"href":"https:\/\/daniel.debaste.be\/index.php?rest_route=%2Fwp%2Fv2%2Fcomments&post=206"}],"version-history":[{"count":10,"href":"https:\/\/daniel.debaste.be\/index.php?rest_route=\/wp\/v2\/pages\/206\/revisions"}],"predecessor-version":[{"id":299,"href":"https:\/\/daniel.debaste.be\/index.php?rest_route=\/wp\/v2\/pages\/206\/revisions\/299"}],"up":[{"embeddable":true,"href":"https:\/\/daniel.debaste.be\/index.php?rest_route=\/wp\/v2\/pages\/18"}],"wp:attachment":[{"href":"https:\/\/daniel.debaste.be\/index.php?rest_route=%2Fwp%2Fv2%2Fmedia&parent=206"}],"curies":[{"name":"wp","href":"https:\/\/api.w.org\/{rel}","templated":true}]}}